test common divisor of 71268 and 6.
6
What is the highest common divisor of 106512 and 672?
336
What is the highest common divisor of 1241 and 1933989?
73
What is the greatest common factor of 95841 and 207?
207
What is the greatest common divisor of 949 and 9137921?
949
Calculate the greatest common divisor of 1045031 and 26.
13
What is the highest common factor of 64332 and 612?
36
What is the highest common factor of 14210 and 290?
290
Calculate the highest common divisor of 2996 and 958292.
428
What is the greatest common factor of 2544 and 4800?
48
What is the highest common factor of 2055 and 1440?
15
Calculate the highest common divisor of 294292 and 215.
43
Calculate the highest common divisor of 535876 and 836.
836
Calculate the highest common factor of 186018 and 258.
258
Calculate the greatest common factor of 77207 and 702.
13
Calculate the greatest common divisor of 348600 and 616.
56
Calculate the highest common divisor of 306620 and 20.
20
Calculate the highest common factor of 473 and 418121.
11
Calculate the highest common factor of 5478 and 64812.
66
Calculate the highest common factor of 69 and 275241.
69
What is the greatest common factor of 152 and 844873?
19
Calculate the greatest common factor of 250274 and 433.
433
What is the highest common factor of 78591 and 345?
69
What is the greatest common divisor of 868398 and 12?
6
Calculate the greatest common divisor of 2934378 and 18.
18
Calculate the highest common divisor of 1088 and 143888.
272
What is the greatest common divisor of 43552 and 32?
32
Calculate the highest common divisor of 49737 and 47208.
843
What is the highest common factor of 1080 and 29835?
135
Calculate the greatest common divisor of 4676413 and 931.
931
Calculate the greatest common factor of 1052701 and 169.
169
What is the highest common factor of 126 and 69874?
14
What is the greatest common divisor of 3598 and 7042?
14
Calculate the greatest common factor of 4992 and 5837.
13
Calculate the highest common factor of 226031 and 13.
13
Calculate the greatest common divisor of 845858 and 26.
26
What is the highest common factor of 70 and 82330?
10
What is the highest common factor of 43888 and 12480?
208
What is the highest common factor of 903903 and 1806?
903
Calculate the greatest common factor of 34344 and 56.
8
Calculate the greatest common divisor of 29430 and 100.
10
What is the greatest common divisor of 121 and 97768?
121
Calculate the highest common factor of 516 and 7098612.
516
What is the greatest common factor of 2332210 and 10?
10
Calculate the greatest common factor of 5320 and 112.
56
Calculate the greatest common divisor of 991277 and 644.
161
What is the greatest common divisor of 167144 and 16?
8
What is the highest common divisor of 454802 and 690?
46
Calculate the highest common divisor of 1377 and 6354.
9
What is the greatest common divisor of 1113 and 3403183?
371
What is the highest common factor of 819 and 30069?
117
Calculate the greatest common divisor of 15915 and 480.
15
Calculate the greatest common factor of 2528 and 1008.
16
Calculate the highest common factor of 55772 and 12224.
764
Calculate the greatest common divisor of 1780 and 185740.
20
Calculate the highest common divisor of 2336 and 896.
32
Calculate the greatest common factor of 373280 and 9440.
160
What is the greatest common divisor of 558 and 157635?
279
What is the highest common factor of 5160 and 20?
20
What is the greatest common divisor of 11786 and 24992?
142
What is the highest common factor of 71900 and 16?
4
What is the greatest common factor of 112 and 126028?
28
Calculate the highest common factor of 1652 and 356360.
236
Calculate the highest common divisor of 474160 and 640.
80
Calculate the greatest common factor of 835456 and 428.
428
What is the highest common factor of 6580673 and 737?
737
What is the highest common divisor of 57 and 636?
3
Calculate the greatest common factor of 2085936 and 12.
12
What is the highest common factor of 783 and 37845?
261
Calculate the highest common factor of 250 and 266375.
125
Calculate the greatest common factor of 104450 and 250.
50
Calculate the greatest common factor of 1074 and 102.
6
Calculate the greatest common factor of 70928 and 176.
176
Calculate the greatest common factor of 620193 and 21.
21
Calculate the highest common divisor of 27321 and 8337.
21
What is the highest common factor of 83435 and 935?
55
Calculate the greatest common factor of 4 and 88186.
2
What is the highest common divisor of 270298 and 5418?
602
What is the greatest common divisor of 1 and 1479098?
1
What is the greatest common divisor of 72628 and 272084?
1084
What is the greatest common factor of 84 and 1555652?
28
Calculate the highest common factor of 95004 and 630.
126
What is the highest common divisor of 264 and 89496?
264
What is the greatest common divisor of 34272 and 6069?
357
Calculate the greatest common factor of 597333 and 11.
11
Calculate the greatest common factor of 720 and 137850.
30
Calculate the greatest common divisor of 82919 and 53912.
293
What is the highest common divisor of 489 and 10174623?
489
Calculate the greatest common factor of 282 and 66.
6
What is the greatest common divisor of 3848 and 37037?
481
Calculate the highest common factor of 65 and 121355.
65
What is the highest common divisor of 117 and 82953?
117
Calculate the greatest common factor of 1095 and 795.
15
Calculate the highest common factor of 25 and 175465.
5
Calculate the greatest common factor of 558 and 21762.
558
Calculate the greatest common factor of 5016 and 20976.
456
What is the greatest common divisor of 1890 and 67440?
30
What is the greatest common factor of 174 and 6339342?
174
Calculate the highest common factor of 51313 and 2116.
529
Calculate the greatest common divisor of 95715 and 4833.
27
What is the greatest common factor of 40083 and 1953?
93
What is the greatest common divisor of 417 and 156?
3
What is the highest common divisor of 33 and 274329?
33
Calculate the greatest common divisor of 14220 and 420.
60
Calculate the highest common factor of 1930175 and 26.
13
Calculate the highest common factor of 69014 and 22.
22
Calculate the greatest common factor of 7672 and 21.
7
What is the highest common divisor of 1113 and 2703?
159
What is the greatest common divisor of 2438 and 2650?
106
What is the greatest common divisor of 4608 and 4806?
18
Calculate the highest common factor of 62164 and 4.
4
Calculate the highest common divisor of 2520 and 3402.
126
Calculate the greatest common factor of 1472 and 7452.
92
What is the highest common factor of 24970 and 880?
110
Calculate the highest common factor of 18012 and 2052.
228
Calculate the greatest common factor of 73612 and 1540.
308
What is the highest common factor of 50295 and 345?
15
Calculate the highest common factor of 22437 and 405.
81
What is the highest common factor of 6951 and 1659?
21
What is the greatest common factor of 1152 and 6128?
16
Calculate the highest common factor of 722 and 69768.
38
What is the highest common divisor of 9408 and 40064?
64
Calculate the greatest common divisor of 14650 and 50.
50
What is the highest common factor of 31691 and 27262?
43
What is the highest common factor of 44 and 165781?
11
What is the highest common divisor of 2262 and 4836?
78
What is the highest common divisor of 2262 and 39546?
78
What is the greatest common factor of 26555 and 7285?
235
What is the greatest common divisor of 1372 and 257201?
49
What is the highest common divisor of 542 and 46?
2
Calculate the highest common divisor of 57 and 1434.
3
What is the highest common factor of 325 and 9659?
13
What is the greatest common divisor of 518 and 15762?
74
What is the highest common divisor of 512 and 629760?
512
What is the greatest common factor of 5978 and 6370?
98
What is the greatest common divisor of 14955 and 345?
15
What is the highest common factor of 205933 and 2044?
511
What is the greatest common divisor of 71807 and 2?
1
Calculate the greatest common factor of 4505 and 395539.
901
Calculate the highest common factor of 99755 and 15.
5
What is the highest common divisor of 4848 and 9?
3
Calculate the greatest common divisor of 2065 and 17700.
295
What is the highest common divi